{"id":60,"date":"2022-08-22T11:54:49","date_gmt":"2022-08-22T11:54:49","guid":{"rendered":"https:\/\/natuerlich-wachsen.at\/?page_id=60"},"modified":"2022-09-07T11:03:42","modified_gmt":"2022-09-07T11:03:42","slug":"impressum","status":"publish","type":"page","link":"https:\/\/natuerlich-wachsen.at\/?page_id=60","title":{"rendered":"Impressum"},"content":{"rendered":"\n<p><img loading=\"lazy\" decoding=\"async\" width=\"150\" height=\"146\" class=\"wp-image-54\" style=\"width: 150px;\" src=\"https:\/\/natuerlich-wachsen.at\/wp-content\/uploads\/2022\/08\/cropped-cropped-nw_logo-sign_1024x435.png\" alt=\"&quot;nat\u00fcrlich wachsen&quot; Logo\"><\/p>\n\n\n\n<h3 class=\"wp-block-heading\"><strong>Medienlinie gem. \u00a7 25 Abs. 4&nbsp;MedienG:&nbsp;<\/strong><\/h3>\n\n\n\n<p>Die Website von <strong><strong>\u00bbnat\u00fcrlich wachsen\u00ab<\/strong><\/strong> \u2013 <strong><strong>Begegnungsort zur Entwicklung, Bewahrung und F\u00f6rderung des individuellen Potentials in einem harmonischen, respektvollen und nat\u00fcrlichen Lebensumfeld f\u00fcr eine lebenswerte Zukunft<\/strong><\/strong><strong>&nbsp;<\/strong>bietet der \u00d6ffentlichkeit Informationen \u00fcber den Zweck, die Visionen und den Idealismus des Vereins und seiner&nbsp;Mitglieder.&nbsp;<\/p>\n\n\n\n<h3 class=\"wp-block-heading\">Impressum \/ Offenlegung&nbsp;<strong>gem. \u00a7\u00a7 24f&nbsp;MedienG<\/strong>&nbsp;<\/h3>\n\n\n\n<p><strong><strong>\u00bbnat\u00fcrlich wachsen\u00ab \u2013 &nbsp;<strong>Begegnungsort zur Entwicklung, Bewahrung und F\u00f6rderung des individuellen Potentials in einem harmonischen, respektvollen und nat\u00fcrlichen Lebensumfeld f\u00fcr eine lebenswerte Zukunft<\/strong><\/strong> \u00b7 Teichstra\u00dfe 14 \u00b7 A- 9081 Maria W\u00f6rth<\/strong><br><strong>ZVR.Zahl.&nbsp;<strong>1317328651<\/strong><\/strong><\/p>\n\n\n\n<p><strong>Mail:\u00a0<\/strong><a href=\"mailto:verein@natuerlich-wachsen.at\">verein@natuerlich-wachsen.at<\/a><br>Rechtsform: Gemeinn\u00fctziger Verein<br>Vereinssitz: Maria W\u00f6rth<br>Registriernummer:\u00a0ZVR.Zahl.\u00a0<strong>1317328651<\/strong><br><strong>Register: Bezirkshauptmannschaft Klagenfurt-Land Referat Vereins-, Versammlungs- und Medienrechtsangelegenheiten<\/strong><br><strong>Grundlegende Richtung des gemeinn\u00fctzigen Vereins (im Sinne des Vereinsgesetzes): Der Verein f\u00f6rdert und unterst\u00fctzt die<strong> Entwicklung, Bewahrung und F\u00f6rderung des individuellen Potentials in einem harmonischen, respektvollen und nat\u00fcrlichen Lebensumfeld f\u00fcr eine lebenswerte Zukunft<\/strong><\/strong>.<\/p>\n\n\n\n<h3 class=\"wp-block-heading\">Medieninhaber:&nbsp;<\/h3>\n\n\n\n<p><strong>\u00bbnat\u00fcrlich wachsen\u00ab \u2013 &nbsp;<strong>Begegnungsort zur Entwicklung, Bewahrung und F\u00f6rderung des individuellen Potentials in einem harmonischen, respektvollen und nat\u00fcrlichen Lebensumfeld f\u00fcr eine lebenswerte Zukunft<\/strong><\/strong> \u00b7 Teichstra\u00dfe 14 \u00b7 A- 9081 Maria W\u00f6rth<\/p>\n\n\n\n<h3 class=\"wp-block-heading\">Medienlinie gem. \u00a7 25 Abs. 4&nbsp;MedienG:&nbsp;<\/h3>\n\n\n\n<p>Die Website&nbsp;von \u00bbnat\u00fcrlich wachsen\u00ab \u2013&nbsp;<strong>Begegnungsort zur Entwicklung, Bewahrung und F\u00f6rderung des individuellen Potentials in einem harmonischen, respektvollen und nat\u00fcrlichen Lebensumfeld f\u00fcr eine lebenswerte Zukunft<\/strong>, bietet der \u00d6ffentlichkeit Informationen \u00fcber den Zweck, die Visionen und den Idealismus des Vereins und seiner Mitglieder.&nbsp;<\/p>\n","protected":false},"excerpt":{"rendered":"<p>Medienlinie gem. \u00a7 25 Abs. 4&nbsp;MedienG:&nbsp; Die Website von \u00bbnat\u00fcrlich wachsen\u00ab \u2013 Begegnungsort zur Entwicklung, Bewahrung und F\u00f6rderung des individuellen Potentials in einem harmonischen, respektvollen und nat\u00fcrlichen Lebensumfeld f\u00fcr eine lebenswerte Zukunft&nbsp;bietet der \u00d6ffentlichkeit Informationen \u00fcber den Zweck, die Visionen und den Idealismus des Vereins und seiner&nbsp;Mitglieder.&nbsp; Impressum \/ Offenlegung&nbsp;gem. \u00a7\u00a7 24f&nbsp;MedienG&nbsp; \u00bbnat\u00fcrlich wachsen\u00ab \u2013 &hellip; <\/p>\n<p class=\"link-more\"><a href=\"https:\/\/natuerlich-wachsen.at\/?page_id=60\" class=\"more-link\"><span class=\"screen-reader-text\">\u201eImpressum\u201c <\/span>weiterlesen<\/a><\/p>\n","protected":false},"author":1,"featured_media":0,"parent":0,"menu_order":0,"comment_status":"closed","ping_status":"closed","template":"","meta":{"footnotes":""},"class_list":["post-60","page","type-page","status-publish","hentry"],"_links":{"self":[{"href":"https:\/\/natuerlich-wachsen.at\/index.php?rest_route=\/wp\/v2\/pages\/60","targetHints":{"allow":["GET"]}}],"collection":[{"href":"https:\/\/natuerlich-wachsen.at\/index.php?rest_route=\/wp\/v2\/pages"}],"about":[{"href":"https:\/\/natuerlich-wachsen.at\/index.php?rest_route=\/wp\/v2\/types\/page"}],"author":[{"embeddable":true,"href":"https:\/\/natuerlich-wachsen.at\/index.php?rest_route=\/wp\/v2\/users\/1"}],"replies":[{"embeddable":true,"href":"https:\/\/natuerlich-wachsen.at\/index.php?rest_route=%2Fwp%2Fv2%2Fcomments&post=60"}],"version-history":[{"count":6,"href":"https:\/\/natuerlich-wachsen.at\/index.php?rest_route=\/wp\/v2\/pages\/60\/revisions"}],"predecessor-version":[{"id":87,"href":"https:\/\/natuerlich-wachsen.at\/index.php?rest_route=\/wp\/v2\/pages\/60\/revisions\/87"}],"wp:attachment":[{"href":"https:\/\/natuerlich-wachsen.at\/index.php?rest_route=%2Fwp%2Fv2%2Fmedia&parent=60"}],"curies":[{"name":"wp","href":"https:\/\/api.w.org\/{rel}","templated":true}]}}