{"id":2,"date":"2022-07-14T14:57:40","date_gmt":"2022-07-14T14:57:40","guid":{"rendered":"https:\/\/natuerlich-wachsen.at\/?page_id=2"},"modified":"2022-08-22T14:51:11","modified_gmt":"2022-08-22T14:51:11","slug":"sample-page","status":"publish","type":"page","link":"https:\/\/natuerlich-wachsen.at\/","title":{"rendered":"\u00bbIch will auch nat\u00fcrlich wachsen!\u00ab"},"content":{"rendered":"\n<figure class=\"wp-block-image size-full\"><img loading=\"lazy\" decoding=\"async\" width=\"1024\" height=\"435\" src=\"https:\/\/natuerlich-wachsen.at\/wp-content\/uploads\/2022\/08\/nw_logo-sign_1024x435.png\" alt=\"\" class=\"wp-image-8\" srcset=\"https:\/\/natuerlich-wachsen.at\/wp-content\/uploads\/2022\/08\/nw_logo-sign_1024x435.png 1024w, https:\/\/natuerlich-wachsen.at\/wp-content\/uploads\/2022\/08\/nw_logo-sign_1024x435-300x127.png 300w, https:\/\/natuerlich-wachsen.at\/wp-content\/uploads\/2022\/08\/nw_logo-sign_1024x435-768x326.png 768w\" sizes=\"auto, (max-width: 767px) 89vw, (max-width: 1000px) 54vw, (max-width: 1071px) 543px, 580px\" \/><\/figure>\n\n\n\n<p id=\"top\"><strong>Nat\u00fcrlich mit<\/strong> Respekt \u00b7 Freude \u00b7 Begeisterung \u00b7 Liebe \u00b7 Faszination \u00b7 Natur \u00b7 Handwerk \u00b7 Kunst \u00b7 Sch\u00f6pfung \u00b7 Gemeinwohl \u00b7 Autonomie \u00b7 Vertrauen \u00b7 Herz \u00b7 Urvertrauen \u00b7 0-100 Jahre \u00b7 Toleranz \u00b7 Lernen \u00b7 Lehren \u00b7 Wissen \u00b7 Ruhe \u00b7 Aktion \u00b7 Achtsamkeit \u00b7 Wertsch\u00e4tzung \u00b7 Empathie \u00b7 Bewusstsein \u00b7 Erfahrung \u00b7 Austausch \u00b7 Sinne \u00b7 altes Wissen \u00b7 u.v.m.<\/p>\n\n\n\n<p><strong>Begegnungsort zur Entwicklung, Bewahrung und F\u00f6rderung des individuellen Potentials in einem harmonischen, respektvollen und nat\u00fcrlichen Lebensumfeld f\u00fcr eine lebenswerte Zukunft.<\/strong><\/p>\n\n\n\n<div style=\"height:100px\" aria-hidden=\"true\" class=\"wp-block-spacer\"><\/div>\n\n\n\n<figure class=\"wp-block-image size-full\"><img loading=\"lazy\" decoding=\"async\" width=\"1024\" height=\"200\" src=\"https:\/\/natuerlich-wachsen.at\/wp-content\/uploads\/2022\/08\/nw_headline_signefuer-wen.png\" alt=\"\" class=\"wp-image-26\" srcset=\"https:\/\/natuerlich-wachsen.at\/wp-content\/uploads\/2022\/08\/nw_headline_signefuer-wen.png 1024w, https:\/\/natuerlich-wachsen.at\/wp-content\/uploads\/2022\/08\/nw_headline_signefuer-wen-300x59.png 300w, https:\/\/natuerlich-wachsen.at\/wp-content\/uploads\/2022\/08\/nw_headline_signefuer-wen-768x150.png 768w\" sizes=\"auto, (max-width: 767px) 89vw, (max-width: 1000px) 54vw, (max-width: 1071px) 543px, 580px\" \/><\/figure>\n\n\n\n<p id=\"wen\"><strong><mark style=\"background-color:rgba(0, 0, 0, 0);color:#40a534\" class=\"has-inline-color\">F\u00fcr alle<\/mark>,<\/strong> die nat\u00fcrlich im Einklang mit Mensch, Natur und Umwelt wachsen wollen.<\/p>\n\n\n\n<figure class=\"wp-block-image size-full\"><img loading=\"lazy\" decoding=\"async\" width=\"1024\" height=\"400\" src=\"https:\/\/natuerlich-wachsen.at\/wp-content\/uploads\/2022\/08\/nw_wen_content.png\" alt=\"\" class=\"wp-image-40\" srcset=\"https:\/\/natuerlich-wachsen.at\/wp-content\/uploads\/2022\/08\/nw_wen_content.png 1024w, https:\/\/natuerlich-wachsen.at\/wp-content\/uploads\/2022\/08\/nw_wen_content-300x117.png 300w, https:\/\/natuerlich-wachsen.at\/wp-content\/uploads\/2022\/08\/nw_wen_content-768x300.png 768w\" sizes=\"auto, (max-width: 767px) 89vw, (max-width: 1000px) 54vw, (max-width: 1071px) 543px, 580px\" \/><\/figure>\n\n\n\n<div style=\"height:100px\" aria-hidden=\"true\" class=\"wp-block-spacer\"><\/div>\n\n\n\n<figure class=\"wp-block-image size-full\" id=\"wie\"><img loading=\"lazy\" decoding=\"async\" width=\"1024\" height=\"200\" src=\"https:\/\/natuerlich-wachsen.at\/wp-content\/uploads\/2022\/08\/nw_headline_signewie.png\" alt=\"\" class=\"wp-image-27\" srcset=\"https:\/\/natuerlich-wachsen.at\/wp-content\/uploads\/2022\/08\/nw_headline_signewie.png 1024w, https:\/\/natuerlich-wachsen.at\/wp-content\/uploads\/2022\/08\/nw_headline_signewie-300x59.png 300w, https:\/\/natuerlich-wachsen.at\/wp-content\/uploads\/2022\/08\/nw_headline_signewie-768x150.png 768w\" sizes=\"auto, (max-width: 767px) 89vw, (max-width: 1000px) 54vw, (max-width: 1071px) 543px, 580px\" \/><\/figure>\n\n\n\n<p class=\"has-text-align-center\"><em>Kurz:<\/em> Thematische Wirkshops in Verbindung mit Natur und Umwelt.<\/p>\n\n\n\n<figure class=\"wp-block-image size-full\"><img loading=\"lazy\" decoding=\"async\" width=\"1024\" height=\"400\" src=\"https:\/\/natuerlich-wachsen.at\/wp-content\/uploads\/2022\/08\/nw_wie_giesskanne.png\" alt=\"\" class=\"wp-image-31\" srcset=\"https:\/\/natuerlich-wachsen.at\/wp-content\/uploads\/2022\/08\/nw_wie_giesskanne.png 1024w, https:\/\/natuerlich-wachsen.at\/wp-content\/uploads\/2022\/08\/nw_wie_giesskanne-300x117.png 300w, https:\/\/natuerlich-wachsen.at\/wp-content\/uploads\/2022\/08\/nw_wie_giesskanne-768x300.png 768w\" sizes=\"auto, (max-width: 767px) 89vw, (max-width: 1000px) 54vw, (max-width: 1071px) 543px, 580px\" \/><\/figure>\n\n\n\n<figure class=\"wp-block-image size-full\"><img loading=\"lazy\" decoding=\"async\" width=\"1024\" height=\"400\" src=\"https:\/\/natuerlich-wachsen.at\/wp-content\/uploads\/2022\/08\/nw_wie_content.png\" alt=\"\" class=\"wp-image-30\" srcset=\"https:\/\/natuerlich-wachsen.at\/wp-content\/uploads\/2022\/08\/nw_wie_content.png 1024w, https:\/\/natuerlich-wachsen.at\/wp-content\/uploads\/2022\/08\/nw_wie_content-300x117.png 300w, https:\/\/natuerlich-wachsen.at\/wp-content\/uploads\/2022\/08\/nw_wie_content-768x300.png 768w\" sizes=\"auto, (max-width: 767px) 89vw, (max-width: 1000px) 54vw, (max-width: 1071px) 543px, 580px\" \/><\/figure>\n\n\n\n<div style=\"height:100px\" aria-hidden=\"true\" class=\"wp-block-spacer\"><\/div>\n\n\n\n<figure class=\"wp-block-image size-full\" id=\"was\"><img loading=\"lazy\" decoding=\"async\" width=\"1024\" height=\"200\" src=\"https:\/\/natuerlich-wachsen.at\/wp-content\/uploads\/2022\/08\/nw_headline_signefuer-was.png\" alt=\"\" class=\"wp-image-28\" srcset=\"https:\/\/natuerlich-wachsen.at\/wp-content\/uploads\/2022\/08\/nw_headline_signefuer-was.png 1024w, https:\/\/natuerlich-wachsen.at\/wp-content\/uploads\/2022\/08\/nw_headline_signefuer-was-300x59.png 300w, https:\/\/natuerlich-wachsen.at\/wp-content\/uploads\/2022\/08\/nw_headline_signefuer-was-768x150.png 768w\" sizes=\"auto, (max-width: 767px) 89vw, (max-width: 1000px) 54vw, (max-width: 1071px) 543px, 580px\" \/><\/figure>\n\n\n\n<p><img loading=\"lazy\" decoding=\"async\" width=\"150\" height=\"35\" align=\"left\" class=\"wp-image-29\" style=\"width: 150px;\" src=\"https:\/\/natuerlich-wachsen.at\/wp-content\/uploads\/2022\/08\/nw_logo-schriftzug_260x60.png\" alt=\"nat\u00fcrlich wachsen\"><span style=\"font-size: revert;\"><sub>st\u00e4rkt, entfaltet, schafft!<\/sub><\/span><\/p>\n\n\n\n<figure class=\"wp-block-image size-full\"><img loading=\"lazy\" decoding=\"async\" width=\"1024\" height=\"400\" src=\"https:\/\/natuerlich-wachsen.at\/wp-content\/uploads\/2022\/08\/nw_fuer-was_figur-mit-staerke.png\" alt=\"\" class=\"wp-image-32\" srcset=\"https:\/\/natuerlich-wachsen.at\/wp-content\/uploads\/2022\/08\/nw_fuer-was_figur-mit-staerke.png 1024w, https:\/\/natuerlich-wachsen.at\/wp-content\/uploads\/2022\/08\/nw_fuer-was_figur-mit-staerke-300x117.png 300w, https:\/\/natuerlich-wachsen.at\/wp-content\/uploads\/2022\/08\/nw_fuer-was_figur-mit-staerke-768x300.png 768w\" sizes=\"auto, (max-width: 767px) 89vw, (max-width: 1000px) 54vw, (max-width: 1071px) 543px, 580px\" \/><\/figure>\n\n\n\n<figure class=\"wp-block-image size-full\"><img loading=\"lazy\" decoding=\"async\" width=\"1024\" height=\"400\" src=\"https:\/\/natuerlich-wachsen.at\/wp-content\/uploads\/2022\/08\/nw_fuer-was_content.png\" alt=\"\" class=\"wp-image-33\" srcset=\"https:\/\/natuerlich-wachsen.at\/wp-content\/uploads\/2022\/08\/nw_fuer-was_content.png 1024w, https:\/\/natuerlich-wachsen.at\/wp-content\/uploads\/2022\/08\/nw_fuer-was_content-300x117.png 300w, https:\/\/natuerlich-wachsen.at\/wp-content\/uploads\/2022\/08\/nw_fuer-was_content-768x300.png 768w\" sizes=\"auto, (max-width: 767px) 89vw, (max-width: 1000px) 54vw, (max-width: 1071px) 543px, 580px\" \/><\/figure>\n\n\n\n<div style=\"height:100px\" aria-hidden=\"true\" class=\"wp-block-spacer\"><\/div>\n\n\n\n<figure class=\"wp-block-image size-full\"><img loading=\"lazy\" decoding=\"async\" width=\"1024\" height=\"200\" src=\"https:\/\/natuerlich-wachsen.at\/wp-content\/uploads\/2022\/08\/nw_headline_signemitwachsen.png\" alt=\"\" class=\"wp-image-34\" srcset=\"https:\/\/natuerlich-wachsen.at\/wp-content\/uploads\/2022\/08\/nw_headline_signemitwachsen.png 1024w, https:\/\/natuerlich-wachsen.at\/wp-content\/uploads\/2022\/08\/nw_headline_signemitwachsen-300x59.png 300w, https:\/\/natuerlich-wachsen.at\/wp-content\/uploads\/2022\/08\/nw_headline_signemitwachsen-768x150.png 768w\" sizes=\"auto, (max-width: 767px) 89vw, (max-width: 1000px) 54vw, (max-width: 1071px) 543px, 580px\" \/><\/figure>\n\n\n\n<p><img loading=\"lazy\" decoding=\"async\" width=\"150\" height=\"35\" align=\"left\" class=\"wp-image-29\" style=\"width: 150px;\" src=\"https:\/\/natuerlich-wachsen.at\/wp-content\/uploads\/2022\/08\/nw_logo-schriftzug_260x60.png\" alt=\"nat\u00fcrlich wachsen\"><span style=\"font-size: revert;\"><sub>ist nur einen Anruf weit entfernt!<\/sub><\/span><\/p>\n\n\n\n<p class=\"has-text-align-center\"><em>Ganz Ohr ist:<\/em><\/p>\n\n\n\n<p class=\"has-text-align-center\"><mark style=\"background-color:rgba(0, 0, 0, 0);color:#40a534\" class=\"has-inline-color\"><strong>+49 160 90909979 Verena Huber<\/strong><br><strong>+49 1578 7329705 Ralph Ruta<\/strong><\/mark><\/p>\n\n\n\n<p>Verein \u00bbnat\u00fcrlich wachsen\u00ab<br>Projektstandort Chiemgau<\/p>\n\n\n\n<p>Der Verein befindet sich im aktiven Aufbau. Willkommen ist jedes Interesse und jede Kontaktaufnahme. <strong><mark style=\"background-color:rgba(0, 0, 0, 0);color:#40a534\" class=\"has-inline-color\">Wir freuen uns, wenn ihr mit uns wachst!<\/mark><\/strong><\/p>\n\n\n\n<div style=\"height:100px\" aria-hidden=\"true\" class=\"wp-block-spacer\"><\/div>\n\n\n\n<p>\u00a9 2022 \u00b7 nat\u00fcrlich wachsen \u00b7 Verena Huber<br>Vereinssitz: Teichstra\u00dfe 14 \u00b7 A- 9081 Maria W\u00f6rth<br>ZVR-Zahl: 1317328651<\/p>\n","protected":false},"excerpt":{"rendered":"<p>Nat\u00fcrlich mit Respekt \u00b7 Freude \u00b7 Begeisterung \u00b7 Liebe \u00b7 Faszination \u00b7 Natur \u00b7 Handwerk \u00b7 Kunst \u00b7 Sch\u00f6pfung \u00b7 Gemeinwohl \u00b7 Autonomie \u00b7 Vertrauen \u00b7 Herz \u00b7 Urvertrauen \u00b7 0-100 Jahre \u00b7 Toleranz \u00b7 Lernen \u00b7 Lehren \u00b7 Wissen \u00b7 Ruhe \u00b7 Aktion \u00b7 Achtsamkeit \u00b7 Wertsch\u00e4tzung \u00b7 Empathie \u00b7 Bewusstsein \u00b7 Erfahrung \u00b7 &hellip; <\/p>\n<p class=\"link-more\"><a href=\"https:\/\/natuerlich-wachsen.at\/\" class=\"more-link\"><span class=\"screen-reader-text\">\u201e\u00bbIch will auch nat\u00fcrlich wachsen!\u00ab\u201c <\/span>weiterlesen<\/a><\/p>\n","protected":false},"author":1,"featured_media":0,"parent":0,"menu_order":0,"comment_status":"closed","ping_status":"closed","template":"","meta":{"footnotes":""},"class_list":["post-2","page","type-page","status-publish","hentry"],"_links":{"self":[{"href":"https:\/\/natuerlich-wachsen.at\/index.php?rest_route=\/wp\/v2\/pages\/2","targetHints":{"allow":["GET"]}}],"collection":[{"href":"https:\/\/natuerlich-wachsen.at\/index.php?rest_route=\/wp\/v2\/pages"}],"about":[{"href":"https:\/\/natuerlich-wachsen.at\/index.php?rest_route=\/wp\/v2\/types\/page"}],"author":[{"embeddable":true,"href":"https:\/\/natuerlich-wachsen.at\/index.php?rest_route=\/wp\/v2\/users\/1"}],"replies":[{"embeddable":true,"href":"https:\/\/natuerlich-wachsen.at\/index.php?rest_route=%2Fwp%2Fv2%2Fcomments&post=2"}],"version-history":[{"count":11,"href":"https:\/\/natuerlich-wachsen.at\/index.php?rest_route=\/wp\/v2\/pages\/2\/revisions"}],"predecessor-version":[{"id":79,"href":"https:\/\/natuerlich-wachsen.at\/index.php?rest_route=\/wp\/v2\/pages\/2\/revisions\/79"}],"wp:attachment":[{"href":"https:\/\/natuerlich-wachsen.at\/index.php?rest_route=%2Fwp%2Fv2%2Fmedia&parent=2"}],"curies":[{"name":"wp","href":"https:\/\/api.w.org\/{rel}","templated":true}]}}